?
10
In base 5, what is 13 + -40?
-22
In base 8, what is -22 + -5?
-27
In base 6, what is 1 - 40?
-35
In base 9, what is 44 + -4?
40
In base 10, what is -204 + 4?
-200
In base 14, what is -7 - -131?
128
In base 10, what is -58 - -6?
-52
In base 2, what is -1011111011 + -10?
-1011111101
In base 11, what is 5296 + 1?
5297
In base 5, what is -3414 + 0?
-3414
In base 10, what is -1 + 4490?
4489
In base 9, what is 435 + -2?
433
In base 6, what is 35 - 104?
-25
In base 5, what is -1 - -22010?
22004
In base 8, what is -2 + -4604?
-4606
In base 12, what is b5 + -5?
b0
In base 5, what is 2313 - -224?
3042
In base 4, what is 0 - 321?
-321
In base 15, what is -e3 + -b?
-ee
In base 9, what is -4 - 30?
-34
In base 11, what is -1 + 157?
156
In base 8, what is -5177 - 10?
-5207
In base 16, what is -1 + 181?
180
In base 14, what is -4 + 31?
2b
In base 15, what is -4 + 19be?
19ba
In base 3, what is -122 - -2101?
1202
In base 6, what is 51 + 31?
122
In base 5, what is -10201 - 3?
-10204
In base 4, what is 11 - 120131?
-120120
In base 8, what is -111 - 0?
-111
In base 6, what is -204 + -31?
-235
In base 11, what is -417 - -2?
-415
In base 5, what is -14343 + 32?
-14311
In base 10, what is 83 + -9?
74
In base 15, what is 2 + -300?
-2ed
In base 15, what is -884 - 7?
-88b
In base 6, what is -15 - 24?
-43
In base 12, what is -594 - a?
-5a2
In base 5, what is 10 + -103043?
-103033
In base 8, what is 4 - 5257?
-5253
In base 2, what is -11101 - 11111000?
-100010101
In base 6, what is -112 + 15?
-53
In base 13, what is 195 + -b?
187
In base 9, what is 0 - 58?
-58
In base 8, what is -1 + -7?
-10
In base 4, what is 1203 + 0?
1203
In base 11, what is 360 + 0?
360
In base 4, what is -122 - -2303?
2121
In base 4, what is -1021 + 123?
-232
In base 3, what is -1 + -1?
-2
In base 16, what is -2 + -1d9?
-1db
In base 13, what is -2 + -201b?
-2020
In base 14, what is -8 - 17c?
-186
In base 12, what is 11b + 5?
124
In base 6, what is -1105 - 22?
-1131
In base 14, what is 1bc + -5?
1b7
In base 14, what is -57 - -a?
-4b
In base 16, what is -35 + -5?
-3a
In base 13, what is -2b - 2?
-30
In base 15, what is -3 - -b6b?
b68
In base 11, what is -129 - -1?
-128
In base 5, what is 20 + 240?
310
In base 14, what is 5 - 31c?
-317
In base 5, what is -2223 + -3?
-2231
In base 8, what is -1556 - 0?
-1556
In base 15, what is -1b + -1?
-1c
In base 2, what is -1100 - -1000?
-100
In base 10, what is -2 + 298?
296
In base 4, what is -3 + 12331?
12322
In base 4, what is 13003 - -1?
13010
In base 9, what is -813 + 1?
-812
In base 14, what is 4 + 12b?
131
In base 6, what is 11 - -14?
25
In base 14, what is 2b2 + 2?
2b4
In base 5, what is 3022 - 0?
3022
In base 13, what is -4 - bb?
-c2
In base 13, what is -3 + 148?
145
In base 6, what is 11 + 5?
20
In base 7, what is 341 - 5?
333
In base 5, what is -10 + -4444?
-10004
In base 11, what is 1009 + 10?
1019
In base 13, what is -15 - -67?
52
In base 13, what is -106 + c?
-c7
In base 8, what is 3 + 27?
32
In base 15, what is -2 - d?
-10
In base 4, what is -10 + 0?
-10
In base 15, what is -1 - 156?
-157
In base 5, what is 201 - 44?
102
In base 5, what is 0 - -11?
11
In base 10, what is 19 - -2?
21
In base 9, what is 463 - -11?
474
In base 5, what is 11 - 22431?
-22420
In base 13, what is 4919 + -3?
4916
In base 12, what is 1590 - -2?
1592
In base 12, what is -71 + 5?
-68
In base 13, what is 4 + -125a?
-1256
In base 10, what is -2 + -200?
-202
In base 7, what is 315260 - -4?
315264
In base 2, what is 1011 + -11100111?
-11011100
In base 11, what is 105 + -4?
101
In base 3, what is 22021 - 1010?
21011
In base 7, what is -3303 - 5?
-3311
In base 4, what is -13031 + -1?
-13032
In base 3, what is -10 + 222101?
222021
In base 16, what is -5 - -2b?
26
In base 7, what is 453 - 1?
452
In base 2, what is 10101 + -1000?
1101
In base 10, what is 4332 - 1?
4331
In base 9, what is -12 - 23?
-35
In base 14, what is -12 - 0?
-12
In base 2, what is 101 + 111111?
1000100
In base 13, what is 361 - -5?
366
In base 6, what is -5 - -45?
40
In base 2, what is 11 + 1010010?
1010101
In base 12, what is 3 + 14?
17
In base 11, what is -3 + 52?
4a
In base 11, what is -63 + 1?
-62
In base 5, what is -3 + 242?
234
In base 8, what is -276 + 4?
-272
In base 8, what is 16 - 51?
-33
In base 7, what is 560 - 2?
555
In base 9, what is -4 - -67?
63
In base 10, what is 34 - -4?
38
In base 9, what is 4 - -31?
35
In base 4, what is 113 + 131?
310
In base 15, what is 2 - -18a?
18c
In base 15, what is 4 - -50d?
512
In base 10, what is -368 - -4?
-364
In base 2, what is 1111 + -100000?
-10001
In base 12, what is -2 + 11?
b
In base 3, what is 1 + 1001201?
1001202
In base 4, what is -100 + 31?
-3
In base 13, what is 3c69 + -1?
3c68
In base 13, what is -1600b + -1?
-1600c
In base 11, what is 3 - -442?
445
In base 9, what is -640 + 0?
-640
In base 12, what is -5 - -7?
2
In base 10, what is -182 + -2?
-184
In base 10, what is -84 - -2?
-82
In base 13, what is 0 - -28?
28
In base 2, what is -11011 - 0?
-11011
In base 7, what is -5 + 1325?
1320
In base 12, what is 11 - 0?
11
In base 4, what is -2 - -303202?
303200
In base 2, what is -111101 + -1011111?
-10011100
In base 12, what is 26 + -118?
-b2
In base 14, what is -4 - 40a?
-410
In base 10, what is 0 - -243?
243
In base 6, what is 2 - -540?
542
In base 13, what is 23 + 3c2?
415
In base 3, what is -120201 + 12?
-120112
In base 9, what is 2582 + -5?
2576
In base 9, what is -1635 + 7?
-1627
In base 12, what is a + 60a?
618
In base 10, what is 27 + -142?
-115
In base 13, what is 1c096 - 0?
1c096
In base 16, what is 3 + -5?
-2
In base 15, what is 4 + d0?
d4
In base 13, what is -1a6 + 2?
-1a4
In base 9, what is -5 - -63?
57
In base 16, what is -6a9 + 5?
-6a4
In base 12, what is 1391 - -4?
1395
In base 5, what is -10 - 1124?
-1134
In base 3, what is 201 + 21?
222
In base 6, what is 21 - 332?
-311
In base 15, what is -3 + 1230?
122c
In base 13, what is -13 - 177?
-18a
In base 8, what is -1 - 247?
-250
In base 6, what is 3014 - -5?
3023
In base 13, what is 25 - -5?
2a
In base 12, what is 113 + 0?
113
In base 13, what is 15 - 0?
15
In base 3, what is 10 + -1002010?
-1002000
In base 15, what is 1d1 - 1?
1d0
In base 14, what is 164 - 0?
164
In base 13, what is 10 + 4?
14
In base 6, what is -4501 - 4?
-4505
In base 15, what is a - -3?
d
In base 8, what is 23560 - -4?
23564
In base 7, what is 65 - -1?
66
In base 5, what is 1024 + -14?
1010
In base 5, what is 11 + -10333?
-10322
In base 10, what is 6 - 2?
4
In base 4, what is -3223 - -11?
-3212
In base 14, what is 300 + 1?
301
In base 4, what is 1 - -3100?
3101
In base 12, what is -5 - -16?
11
In base 10, what is -4 - 1175?
-1179
In base 3, what is 1000212 - 22?
1000120
In base 14, what is -6a06 - 0?
-6a06
In base 2, what is -11101 - -1100?
-10001
In base 16, what is -1b3e + -2?
-1b40
In base 6, what is -44 + 12?
-32
In base 14, what is -5 + -1153?
-1158
In base 9, what is 22 - -25?
47
In base 8, what is -4 - 456?
-462
In base 8, what is 0 - -147?
147
In base 15, what is -b2 - -1?
-b1
In base 8, what is 1 - 714?
-713
In base 8, what is -3 - -121?
116
In base 4, what is 2301 + 10?
2311
In base 16, what is 1 + 46?
47
In base 6, what is -43 - 245?
-332
In base 15, what is -158c - -5?
-1587
In base 12, what is -2 - -7ab?
7a9
In base 16, what is -3a - -8?
-32
In base 8, what is -1 - -165?
164
In base 12, what is -2110 - 0?
-2110
In base 8, what is 4 - 32?
-26
In base 13, what is -2 + 13a?
138
In base 16, what is -1 + -12?
-13
In base 11, what is -4 + -41?
-45
In base 14, what is -d + -7?
-16
In base 3, what is -120110 + 101?
-120002
In base 6, what is 2 + -1515?
-1513
In base 12, what is 15 - 60?
-47
In base 4, what is -230 - 20?
-310
In base 13, what is 1 + 4cc?
500
In base 16, what is 14 - -36a?
37e
In base 8, what is -7 - 3377?
-3406
In base 6, what is 400535 - 1?
400534
In base 4, what is -22003 + -32?
-22101
In base 15, what is -3 - 87?
-8a
In base 3, what is -12 - -1020?
1001
In base 13, what is -205 - 17?
-21c
In base 10, what is -490 + 2?
-488
In base 14, what is 1 - 66?
-65
In base 10, what is 1 + 8?
9
In base 3, what is -21 + 1?
-20
In base 14, what is -3 - -4d?
4a
In base 14, what is 67 - -6d?
d6
In base 12, what is -a7 - 12?
-b9
In base 14, what is 5 + a0?
a5
In base 3, what is 1222 - -1?
2000
In base 8, what is